.
6
Suppose m + 116 = j, 0 = -2*j - m + 151 + 69. Suppose -5*k = -4*z + 51, 9*z - 4*z - k - 69 = 0. Calculate the greatest common factor of z and j.
14
Let y(n) = 8*n**2 + n - 1. Let o be y(1). Suppose 8 + 24 = q. Calculate the greatest common divisor of q and o.
8
Let c be ((-9 + 4)/(-5))/((-2)/(-460)). What is the highest common divisor of 92 and c?
46
Suppose 0 = 3*q - 0*p - p + 6, -q + 3*p = -6. Let a be 2 + q + (5 - -3). Let v be 6/21 - (-94)/14. What is the highest common divisor of v and a?
7
Suppose 4*o = 3*y + 42, 0 + 23 = 3*o + 2*y. Calculate the greatest common divisor of 9 and o.
9
Let q(b) = -b**2 - 9*b - 11. Let x be q(-6). Calculate the greatest common divisor of 77 and x.
7
Suppose 3*w - 20 = 4. Let o(y) = -y**2 + 8*y + 3. Let r be o(w). Suppose -4*p + 3 = -r*g - 8, -3*p = 4*g - 27. Calculate the highest common divisor of g and 3.
3
Let v be (28/(-6))/((-2)/(-3)). Let k = 70 + v. Calculate the greatest common factor of 21 and k.
21
Let z be 1*11 + (-12 - -14). Calculate the greatest common divisor of 104 and z.
13
Let o = 370 + -210. Calculate the highest common factor of 32 and o.
32
Let l(q) = 13*q**2 + 2*q + 1. Let v be l(-2). Let y(c) = c. Let b be y(7). Calculate the highest common divisor of v and b.
7
Let i be (-2)/(-1 + 33/34). Let k = i + -26. Calculate the greatest common factor of 63 and k.
21
Let f = 6 - 1. Let w = 17 - f. Suppose -5*b + 275 = 5*s, s + 2*b + 2*b = 40. Calculate the greatest common divisor of w and s.
12
Let j(z) = z**3 + 6*z**2 + 5*z + 10. Let w be j(-4). Calculate the highest common factor of 11 and w.
11
Suppose 5*u - 3*v + 0*v - 875 = 0, 0 = v. Calculate the greatest common factor of 25 and u.
25
Let c = 846 - 414. Suppose -2*m - 305 = l - m, -3*m = 4*l + 1219. Let n = l + c. What is the greatest common factor of n and 16?
16
Suppose 0 = 7*u + 274 - 652. Calculate the greatest common factor of u and 189.
27
Suppose -25 = -t - 1. What is the greatest common divisor of t and 24?
24
Let g be 1 + 26 - (-2)/(-1). Let k be (4/(-16))/(5/(-100)). What is the greatest common divisor of g and k?
5
Let h be 2 - (4 - 1) - -23. What is the highest common divisor of h and 44?
22
Suppose 0 = 5*q + 2*x + x - 19, q + x - 5 = 0. Let z be (3 - -5) + 2 + q. What is the greatest common divisor of z and 4?
4
Let r be 6/(-4)*(161/(-21) + 5). What is the highest common factor of r and 6?
2
Let j be -3 - (-17 - (1 + -1)). Let b be 214/14 + (-4)/j. What is the greatest common factor of b and 15?
15
Suppose 0 = -5*y - 0*y + 90. Suppose m = -2*m + 378. What is the highest common divisor of m and y?
18
Let v = 176 + -23. Calculate the highest common factor of 17 and v.
17
Suppose 3*s = -3*o + 258, 80 = o + 3*s + s. Suppose 42 = 5*m + a - 3*a, -m = 5*a - 3. Calculate the highest common factor of o and m.
8
Suppose r + r = 4. Let v = -20 + 28. Suppose -2*m + v = r*m. What is the greatest common factor of 6 and m?
2
Suppose -4*x - 4 = -6*x. Suppose -x*z - 7 = -69. Let d = -7 + z. Calculate the greatest common factor of d and 16.
8
Suppose 89 = 6*h - 7. Calculate the highest common factor of h and 48.
16
Let s = 9 + -1. Let p be (-60)/(-14) - 2/7. Let x be p/(-8) - (-3)/2. What is the highest common divisor of x and s?
1
Let f be ((-39 - 6)/(-5))/3. Calculate the highest common divisor of f and 27.
3
Suppose 0 = -m + 5*r + 60, 3*m + 2*r + 2*r = 218. What is the highest common divisor of m and 14?
14
Let i(q) = -2*q - 1. Let h(w) = 2*w + 2. Let f(d) = -5*h(d) - 4*i(d). Let a be f(-6). What is the highest common factor of 42 and a?
6
Suppose -4*n - 3*z + 46 = 0, 3*z - 38 = -3*n - z. Let v be 569/7 - 2/7. Suppose 4*u - 199 = v. Calculate the greatest common divisor of u and n.
10
Let o(a) be the second derivative of a**4/12 + a**3/3 - 3*a**2/2 + a. Let d = 34 + -31. Let k be o(d). Calculate the highest common divisor of k and 108.
12
Let q(x) = x**3 - 6*x**2 - 5*x - 8. Let w be q(7). Let a = w + -3. Suppose 2*f + 2*c = 14, a*f - 4*c - 65 = -23. Calculate the highest common factor of 2 and f.
2
Let h(i) be the second derivative of 151*i**5/20 + i**3/6 + 4*i. Let v = 2 - 1. Let d be h(v). What is the greatest common divisor of 19 and d?
19
Let a(i) = -5*i - 1. Let m be a(-1). Let c be -1 + 0 + -1 - -2. Suppose -v + 9 = -d, -72 = -5*v - m*d - c*d. What is the highest common divisor of 3 and v?
3
Let t(w) = -3*w - 23. Let h be t(-13). What is the greatest common factor of h and 128?
16
Suppose 0 = s - 9 - 9. Suppose g - 4*g = s. Let b = -5 - g. What is the highest common divisor of b and 2?
1
Suppose 43 = 4*x - 2*t - 21, -3*t = -5*x + 81. Calculate the greatest common divisor of x and 135.
15
Let h = -38 - -66. What is the greatest common factor of h and 14?
14
Let f = -98 - -137. Calculate the highest common factor of f and 52.
13
Suppose 4*k - 16 = 0, 0*f + 16 = -2*f - 5*k. Let t be (-546)/(-4) + 27/f. What is the greatest common factor of 15 and t?
15
Suppose -2*m + 0*r = 5*r - 9, m + 5*r = -3. Let a = 30 + 6. What is the greatest common divisor of m and a?
12
Suppose 0 = -6*g + g. Suppose g = -0*h + 3*h - 6. Suppose 2*n = n + 8. What is the highest common factor of n and h?
2
Let a = -29 - -6. Let o = a - -39. Calculate the highest common divisor of o and 16.
16
Suppose -3*w - 3 = p, 0 = w + 4*p - p + 9. Suppose 3*k + h - 164 = w, 4*k - 5*h = k + 170. Calculate the greatest common divisor of k and 5.
5
Let l be (4/(-6))/((-1)/15). Suppose 3*c = -2*c. Suppose c = -y - 2, 146 = 2*h - 3*y - 0*y. What is the greatest common divisor of l and h?
10
Suppose -b + 5 = -0. Calculate the highest common factor of b and 5.
5
Let y be -45*(-1 - (-27)/15). Suppose 0 = j - 4*j - 36. Let a = j - y. What is the greatest common factor of a and 16?
8
Suppose 0 = -o - o. Suppose 3*a + h = 8, o = -2*a + 6*a - 4*h. What is the greatest common factor of a and 22?
2
Suppose -4*f - 48 = -7*f. What is the greatest common divisor of f and 112?
16
Suppose 0*i = 5*i - 105. What is the highest common divisor of 14 and i?
7
Let i(f) = 2*f + 4. Suppose -b - 9 = -3*x, 5*x + 0*b = 3*b + 11. Let w be i(x). Calculate the greatest common factor of w and 30.
6
Suppose 2*n = -4*s - 68 - 54, -5*s - 130 = -5*n. Let v = s - -57. Calculate the greatest common divisor of v and 7.
7
Suppose 3*z = 5*v + 30, 0 = -3*z - 2*v + 4*v + 39. What is the highest common factor of z and 120?
15
Let o = 2 + -3. Let x = o - -5. Suppose -4*p + 64 = 4*c, -3*c + 7 - 39 = -p. What is the highest common factor of x and p?
4
Let h = -279 + 393. What is the highest common divisor of 76 and h?
38
Suppose -3*g + 31 = -2*h, 0 = 2*g + 2*g - 4*h - 48. What is the greatest common factor of 7 and g?
7
Let x be 74 + -3 - 9/3. What is the greatest common factor of x and 34?
34
Let a = 2 + 7. Let c be 1/3 - 456/18. Let l be (-1580)/c - (-1)/(-5). What is the greatest common factor of l and a?
9
Let y be 130/(-18) + 6/27. Let v = y - -27. Calculate the greatest common divisor of v and 30.
10
Let t be (-2)/(3/(-2) - -1). Let j(k) = -k + 4. Let x be j(-3). Suppose -t*w = -x*w + 66. Calculate the greatest common divisor of w and 220.
22
Suppose -3*y = k - 42, 3*y - 2*y - k = 14. Calculate the highest common divisor of 14 and y.
14
Let i(f) = 2*f**3 - f**2 - 2*f. Suppose -5*u = -b - 23, -4*u = 4*b - 2*u - 18. Let x be i(b). Calculate the greatest common divisor of x and 4.
4
Let t(h) = -4*h + 6. Let m be t(4). Suppose 2*y = 5*a + 3*y - 55, 0 = 3*a + 3*y - 45. Let q be (-1 - a/1)*m. Calculate the highest common factor of 10 and q.
10
Let b = 9 + -4. Let x(a) = -a + 3. Let t be x(-2). Suppose 0 = n - t*q - 12, -3*n = 2*q - 31 - b. Calculate the greatest common factor of 30 and n.
6
Suppose -3*u - b + 31 = -u, -10 = 2*b. Calculate the highest common divisor of u and 2.
2
Let x = 110 - 102. Calculate the highest common factor of x and 72.
8
Suppose -g + j + 40 = 0, 2*g - 2*j = 2*j + 76. Calculate the greatest common divisor of g and 420.
42
Let h(l) = 10*l**3. Suppose 0*x - 5 = -5*x. Let w be h(x). Let c be ((-5)/(-2))/(7/252). What is the highest common divisor of c and w?
10
Let h = 35 + -19. Let i = h + -6. Let r be -2 + -2 + i - 1. What is the greatest common factor of r and 5?
5
Suppose 7*v = 55 + 92. What is the highest common divisor of v and 28?
7
Let j be (-2)/(-14) - 24/(-28). What is the highest comm